ase 5?
11
-2 (base 3) to base 2
-10
-3 (base 8) to base 15
-3
What is 123 (base 4) in base 6?
43
Convert 0 (base 5) to base 9.
0
What is -5 (base 9) in base 6?
-5
What is -2 (base 8) in base 13?
-2
1b (base 16) to base 5
102
Convert 2433 (base 5) to base 9.
448
Convert 73 (base 14) to base 6.
245
Convert 20 (base 3) to base 16.
6
What is -3 (base 8) in base 5?
-3
Convert 9 (base 15) to base 11.
9
What is 180 (base 14) in base 15?
158
14 (base 14) to base 4
102
What is -3 (base 16) in base 4?
-3
-19 (base 11) to base 15
-15
Convert -131 (base 8) to base 2.
-1011001
43 (base 16) to base 13
52
23 (base 6) to base 8
17
24 (base 12) to base 7
40
d (base 14) to base 5
23
3 (base 7) to base 3
10
What is -4 (base 15) in base 3?
-11
7 (base 10) to base 4
13
What is -2 (base 10) in base 4?
-2
-11 (base 15) to base 3
-121
What is 6 (base 10) in base 6?
10
-4 (base 7) to base 14
-4
Convert 0 (base 10) to base 14.
0
Convert -3 (base 4) to base 9.
-3
Convert 5 (base 11) to base 14.
5
Convert 8 (base 10) to base 3.
22
-3 (base 6) to base 14
-3
100 (base 2) to base 3
11
Convert -3 (base 8) to base 16.
-3
Convert -a (base 16) to base 4.
-22
What is 28 (base 9) in base 6?
42
Convert 1 (base 12) to base 5.
1
What is -2 (base 9) in base 16?
-2
Convert 1101 (base 5) to base 13.
b8
-7 (base 14) to base 8
-7
14 (base 13) to base 11
16
What is 3 (base 6) in base 8?
3
What is -6a (base 15) in base 8?
-144
What is 24 (base 12) in base 8?
34
Convert 3 (base 4) to base 11.
3
-8 (base 15) to base 7
-11
What is 1b (base 13) in base 16?
18
What is -1002 (base 3) in base 8?
-35
3a (base 15) to base 9
61
What is 3 (base 7) in base 3?
10
4 (base 9) to base 11
4
Convert 201 (base 5) to base 15.
36
Convert -3 (base 15) to base 12.
-3
-3321 (base 4) to base 3
-100020
Convert -123 (base 4) to base 15.
-1c
What is -1 (base 14) in base 10?
-1
Convert 1 (base 7) to base 2.
1
Convert -2 (base 9) to base 2.
-10
72 (base 8) to base 3
2011
0 (base 6) to base 4
0
Convert 10 (base 5) to base 6.
5
3 (base 8) to base 5
3
What is -8 (base 13) in base 9?
-8
What is 1101 (base 2) in base 11?
12
What is -4 (base 12) in base 10?
-4
Convert 4 (base 10) to base 13.
4
What is -c (base 16) in base 11?
-11
Convert -1011 (base 2) to base 15.
-b
-111 (base 5) to base 11
-29
What is -4 (base 10) in base 6?
-4
100001 (base 2) to base 15
23
What is 1 (base 4) in base 11?
1
What is 41 (base 5) in base 10?
21
What is 203 (base 5) in base 8?
65
Convert -305 (base 8) to base 6.
-525
What is e (base 16) in base 9?
15
Convert 2 (base 16) to base 8.
2
What is -6 (base 15) in base 3?
-20
Convert 0 (base 16) to base 6.
0
14 (base 12) to base 9
17
Convert 9 (base 12) to base 2.
1001
3b (base 15) to base 6
132
1 (base 8) to base 6
1
What is 206 (base 7) in base 15?
6e
-25 (base 11) to base 16
-1b
0 (base 5) to base 4
0
Convert 1 (base 8) to base 7.
1
-11 (base 3) to base 4
-10
Convert -58 (base 9) to base 7.
-104
0 (base 16) to base 4
0
Convert -12 (base 13) to base 5.
-30
Convert -104 (base 5) to base 11.
-27
Convert -2 (base 9) to base 11.
-2
Convert -28 (base 10) to base 2.
-11100
13 (base 5) to base 9
8
1400 (base 5) to base 14
121
11 (base 3) to base 13
4
Convert -17 (base 11) to base 3.
-200
What is -15 (base 7) in base 14?
-c
Convert -26a (base 11) to base 16.
-13e
What is -14 (base 14) in base 5?
-33
10100 (base 2) to base 8
24
-23 (base 15) to base 3
-1020
What is -6 (base 8) in base 12?
-6
What is 1a (base 12) in base 14?
18
Convert 3b (base 12) to base 15.
32
What is -3 (base 14) in base 10?
-3
What is -a (base 11) in base 9?
-11
What is 36 (base 12) in base 9?
46
201 (base 5) to base 3
1220
-2c (base 13) to base 14
-2a
142 (base 7) to base 16
4f
Convert c (base 15) to base 4.
30
What is -17 (base 16) in base 12?
-1b
What is -14 (base 6) in base 7?
-13
-8 (base 13) to base 14
-8
What is 13 (base 16) in base 3?
201
What is -2 (base 9) in base 7?
-2
What is 26 (base 14) in base 4?
202
0 (base 16) to base 2
0
What is 20 (base 5) in base 11?
a
54 (base 13) to base 16
45
0 (base 10) to base 15
0
3 (base 11) to base 8
3
2 (base 7) to base 8
2
Convert 2 (base 7) to base 15.
2
What is 20 (base 6) in base 3?
110
223 (base 6) to base 15
5c
-d1 (base 15) to base 12
-144
11100 (base 2) to base 16
1c
252 (base 7) to base 4
2013
-2 (base 11) to base 10
-2
What is 6 (base 7) in base 15?
6
What is -111 (base 3) in base 2?
-1101
Convert -1 (base 10) to base 15.
-1
Convert 14 (base 13) to base 15.
12
What is 201 (base 5) in base 3?
1220
Convert 179 (base 13) to base 14.
153
Convert 3 (base 5) to base 11.
3
Convert 3 (base 13) to base 9.
3
-10 (base 7) to base 9
-7
What is a2 (base 13) in base 4?
2010
Convert -100 (base 2) to base 9.
-4
10 (base 3) to base 16
3
Convert -21 (base 7) to base 15.
-10
0 (base 10) to base 13
0
What is -19 (base 15) in base 10?
-24
-10 (base 2) to base 10
-2
Convert -8 (base 13) to base 6.
-12
What is -155 (base 12) in base 5?
-1314
-12221 (base 3) to base 4
-2200
Convert -54 (base 9) to base 3.
-1211
Convert 4 (base 6) to base 8.
4
Convert 10 (base 13) to base 15.
d
-15 (base 6) to base 16
-b
Convert 3d (base 16) to base 5.
221
What is 2 (base 14) in base 11?
2
Convert 3 (base 11) to base 15.
3
3 (base 9) to base 2
11
Convert -11 (base 7) to base 2.
-1000
2 (base 15) to base 14
2
What is -4a (base 14) in base 5?
-231
Convert -20 (base 10) to base 13.
-17
-12 (base 4) to base 16
-6
22 (base 8) to base 4
102
What is 10 (base 2) in base 16?
2
Convert 10021 (base 3) to base 9.
107
Convert 3 (base 14) to base 3.
10
Convert 1 (base 15) to base 12.
1
What is -7 (base 13) in base 11?
-7
-3 (base 12) to base 13
-3
What is -11 (base 3) in base 13?
-4
-5 (base 13) to base 9
-5
What is -2 (base 8) in base 11?
-2
Convert -5 (base 6) to base 11.
-5
3203 (base 4) to base 14
123
What is 102 (base 4) in base 10?
18
What is 1 (base 9) in base 3?
1
Convert 21 (base 9) to base 7.
25
-3 (base 13) to base 12
-3
What is 155 (base 6) in base 14?
51
-322 (base 5) to base 2
-1010111
7 (base 16) to base 10
7
Convert -8 (base 15) to base 11.
-8
Convert -45 (base 13) to base 4.
-321
Convert 145 (base 6) to base 5.
230
Convert 7 (base 15) to base 8.
7
3 (base 11) to base 15
3
34 (base 5) to base 12
17
1000010 (base 2) to base 11
60
8 (base 13) to base 3
22
What is 17a (base 12) in base 16?
ee
What is 123 (base 6) in base 14?
39
Convert -1 (base 12) to base 4.
-1
What is -b (base 15) in base 4?
-23
Convert 4 (base 10) to base 6.
4
6 (base 8) to base 3
20
Convert -16 (base 8) to base 12.
-12
32 (base 11) to base 6
55
Convert 19 (base 15) to base 12.
20
-2 (base 3) to base 9
-2
What is -302 (base 10) in base 12?
-212
-3 (base 13) to base 12
-3
Convert -2 (base 5) to base 2.
-10
Convert 58 (base 9) to base 7.
104
What is -b (base 14) in base 10?
-11
75 (base 10) to base 6
203
What is 3 (base 7) in base 6?
3
Convert -4 (base 13) to base 8.
-4
-1314 (base 6) to base 16
-14e
What is -7 (base 9) in base 11?
-7
Convert 102 (base 3) to base 15.
b
Convert 25 (base 12) to base 2.
11101
What is 5 (base 14) in base 4?
11
Convert 32 (base 14) to base 11.
40
What is -2 (base 9) in base 2?
-10
Convert 2120 (base 3) to base 15.
49
What is -13 (base 4) in base 15?
-7
What is -202 (base 3) in base 8?
-24
What is 0 (base 2) in base 8?
0
-202 (base 3) to base 4
-110
What is 5 (base 7) in base 2?
101
Convert 21102 (base 3) to base 9.
242
Convert 10000 (base 4) to base 10.
256
What is 0 (base 14) in base 12?
0
What is -216 (base 7) in base 4?
-1233
Convert 2 (base 10) to base 6.
2
What is -135 (base 6) in base 2?
-111011
-6 (base 16) to base 5
-11
Convert -176 (base 8) to base 10.
-126
Convert -4 (base 13) to base 15.
-4
1 (base 4) to base 11
1
Convert 102 (base 5) to base 12.
23
-1 (base 5) to base 14
-1
Convert 39 (base 10) to base 7.
54
Convert -110 (base 4) to base 7.
-26
4 (base 9) to base 13
4
-8 (base 15) to base 16
-8
What is 76 (base 12) in base 9?
110
Convert 0 (base 10) to base 13.
0
-42 (base 6) to base 14
-1c
What is -2 (base 12) in base 15?
-2
What is -3 (base 4) in base 9?
-3
25 (base 7) to base 15
14
Convert 9 (base 12) to base 14.
9
Convert 0 (base 2) to base 13.
0
Convert 2 (base 3) to base 4.
2
Convert -8 (base 15) to base 7.
-11
Convert -12 (base 4) to base 6.
-10
a (base 16) to base 5
20
What is -2 (base 10) in base 3?
-2
W